+ 63. Let r(o) = o**3 + 4*o**2 - o + 43. Let g be r(-8). Let a = x - g. What is the greatest common factor of a and 36?
36
Suppose 5*p - 2*p = 2*d + 66, -2*d - 46 = -2*p. Let k be (-1)/((-4)/(-4)) - -81. What is the highest common divisor of p and k?
20
Let b = 23 + 9. Calculate the greatest common factor of 136 and b.
8
Let o be (-3*(-1)/(-12))/((-3)/36). Suppose -2*s + 5 = 4*t - o*t, t - 2*s = 9. Calculate the greatest common divisor of 77 and t.
7
Let r = -15 + 21. Let w be 8/(-24) - (-782)/r. Suppose 2*a + j = -0*a + 62, w = 4*a + 5*j. What is the greatest common divisor of a and 6?
6
Suppose 24*m - 5 - 19 = 0. What is the highest common divisor of 103 and m?
1
Let z(w) = -4*w**2 - 7*w - 21. Let l(b) = -5*b**2 - 7*b - 22. Let u(v) = -5*l(v) + 6*z(v). Let a be u(10). Calculate the highest common divisor of 21 and a.
7
Suppose -3*w + 2*l + 258 = 0, 8*w = 6*w + 4*l + 180. What is the highest common divisor of 48 and w?
12
Suppose 0*p - 4*p + 545 = u, -385 = -3*p + 4*u. Let v be ((-60)/42)/(1 - 16/14). Suppose -p = 5*n - v*n. What is the greatest common divisor of n and 9?
9
Let n = 37 + -35. Suppose 4*s - 4*z - 51 = 77, n*z + 8 = 0. Calculate the highest common divisor of s and 42.
14
Let n(w) = 3*w - 36. Let r be n(17). Calculate the greatest common factor of r and 40.
5
Let i(g) = -g - 40. Let q(c) = -c - 39. Let n(f) = 2*i(f) - 3*q(f). Let l be n(-15). Calculate the greatest common factor of 55 and l.
11
Let u be (-2)/(964/483 + -2). Suppose u = c + 20*c. Calculate the greatest common factor of 69 and c.
23
Suppose 4*p = 5*l - 438, -3*p + 9 = -l + 90. Let t = -40 + l. What is the highest common divisor of 20 and t?
10
Let f be 8092/35 + 8/10. Let z = 334 - f. Calculate the greatest common factor of 153 and z.
51
Let b(l) = -l**2 - 3*l + 160. Let f be b(-14). What is the greatest common factor of 102 and f?
6
Let i = 367 + 191. What is the greatest common factor of 31 and i?
31
Let i(t) = -1 - 10*t + 9 - 4. Let p be i(-3). What is the greatest common divisor of p and 34?
34
Let z(g) = 2*g**2 - 9*g + 4. Let a be z(8). Let m = -8 - -10. Suppose 6*y - m*y = 96. What is the highest common divisor of y and a?
12
Let o be (21/(-14))/((-3)/32). Suppose -q - 2 = o. Let m = 8 - q. What is the greatest common divisor of m and 13?
13
Suppose 49 = 16*w - 111. What is the greatest common divisor of 6 and w?
2
Suppose -79*l + 122*l - 1075 = 0. What is the highest common factor of 50 and l?
25
Let l = 36 - -6. Suppose -11*i = -400 - 755. What is the greatest common divisor of l and i?
21
Let c(r) = 2*r**2 - 24. Let n be c(-4). Let f = 123 - 67. Calculate the highest common divisor of n and f.
8
Suppose k = 2*k - 5, -f + 5*k - 670 = 0. Let w = f + 995. What is the greatest common divisor of w and 50?
50
Let s = 1595 - 1568. Let f be (-46)/(-14) - (-6)/(-21). What is the greatest common divisor of f and s?
3
Let u(t) be the first derivative of -3*t**4/4 - t**3/3 + 1. Let g be u(-1). Suppose -g*f + 236 = 36. Calculate the greatest common factor of 20 and f.
20
Let p(y) = -y**2 - 19*y - 18. Let n be p(-20). Let i = -15 - n. Calculate the highest common divisor of 253 and i.
23
Suppose 0*g - k - 13 = -3*g, 0 = 2*k + 8. Suppose -2*i + a + g = -5, 22 = i + 4*a. Calculate the greatest common factor of i and 42.
6
Let a(d) = 14*d**2 - 7*d - 20. Let x be a(-12). What is the greatest common factor of x and 20?
20
Suppose 0 = 8*s - 81 - 183. Calculate the highest common divisor of 264 and s.
33
Suppose -27*h + 37*h - 2800 = 0. Calculate the highest common divisor of h and 28.
28
Let d be (-3 - -7) + (0 - 1) + -3. Let m be (-33)/6*(d/(-1) + -2). Calculate the greatest common divisor of 1 and m.
1
Let m = 20 + -17. Suppose 38 = 2*g - 4*y, -g - y + 37 = m*y. What is the highest common divisor of g and 50?
25
Let b be (10 + 0)/(2*(-2)/(-182)). What is the greatest common divisor of 70 and b?
35
Suppose 0 = 54*v - 40*v - 140. What is the greatest common divisor of v and 95?
5
Suppose -3*r + 3235 = -1358. Suppose 5*m + b = r, -1058 = -4*m - b + 167. Let v be 1/(-5) - m/(-30). What is the greatest common factor of v and 50?
10
Let j(r) = -11*r - 4. Let i be j(-2). Suppose 0 = -2*w - i + 64. Calculate the highest common factor of w and 23.
23
Let k(d) = -44*d + 4. Let n be k(-1). What is the greatest common divisor of n and 30?
6
Let m be ((-1472)/(-11) - -2) + (-34)/(-187). What is the greatest common factor of 238 and m?
34
Suppose -106 = -0*k + k. Let i = -65 - k. Suppose -4*b - 3*w - i + 433 = 0, -4*b + 392 = 4*w. What is the greatest common factor of 14 and b?
14
Suppose 4*l + 35 + 25 = 4*a, 0 = 5*l - 25. Calculate the highest common divisor of 380 and a.
20
Let b(f) = -f**3 - 20*f**2 + 17*f - 39. Let d be b(-21). Calculate the highest common factor of d and 27.
9
Let h be (1*-5)/(1/(-13)). Let y = h - 46. Suppose -2*x - 3*i + 19 = -16, 0 = -x - 2*i + 17. What is the greatest common factor of x and y?
19
Let t be (-68)/(-10)*40/16. Suppose -v - v + 136 = 0. What is the highest common factor of v and t?
17
Let j be 8742/27 + (-4)/36*-2. Calculate the highest common factor of j and 36.
36
Let s(w) = -21*w - 70. Suppose -7 = 4*o - 3*o. Let d be s(o). Calculate the highest common divisor of 7 and d.
7
Let c = 10 + -5. Suppose 28 + 82 = 11*u. Calculate the greatest common factor of u and c.
5
Let j = -4 + 4. Suppose -c + 122 - 41 = j. Calculate the greatest common factor of c and 9.
9
Let k(w) = w. Let y be k(2). Let s = 255 - 239. Calculate the greatest common factor of s and y.
2
Let z be (5 + -3)/(2/6). Suppose -z = -4*u - 30. Let g(f) = -f + 1. Let n be g(u). Calculate the highest common factor of 7 and n.
7
Suppose y = 4*x + 5*y, -3*x = -2*y + 25. Let h(k) = -3*k - 5 - 3*k**2 - 2*k**3 + 9*k + k**3. Let g be h(x). What is the greatest common divisor of g and 3?
3
Let f be 67*(-5)/5*1*-1. What is the greatest common divisor of 201 and f?
67
Let p(q) = 38*q**2 - q. Let k be p(1). Suppose 2 + 0 = x. Let t = k - x. What is the highest common divisor of 5 and t?
5
Let w be ((-18)/15)/((-2)/5). Let i = w - 2. Let o be (1 + i)/(2/28). What is the greatest common factor of o and 7?
7
Let z(o) = 26*o - 3. Let v be z(3). Let q be 8855/(-140) + (-2)/(-16)*2. Let x = q + 93. Calculate the greatest common factor of v and x.
15
Let a be (-2)/(-8)*-10*-2. Suppose 0 = -7*i + a*i + 38. What is the greatest common divisor of i and 19?
19
Let l be 6/(-33) + (-24)/(-11). Let q be ((-21)/1)/(l/(-6)). What is the highest common factor of q and 7?
7
Suppose -4*u = -5*u - 6. Let n = 18 + u. Let c be (4/(-8))/((-2)/24). What is the greatest common factor of c and n?
6
Let d(o) = o**3 - 32*o**2 - 14*o + 40. Let r be d(33). What is the greatest common divisor of 161 and r?
23
Let o be (25/1)/((-4)/80*-5). What is the greatest common divisor of 16 and o?
4
Suppose 561 = 6*u + 339. What is the greatest common factor of u and 851?
37
Suppose 0 = -x - u - 3, x + 2*u + 2*u = -15. Calculate the highest common factor of x and 7.
1
Suppose 4*k - 4 = -5*p + 8, -4*p + 5*k = -26. Suppose 0 = -108*i + 110*i - 24. What is the greatest common factor of p and i?
4
Suppose -k + 4*k = -36. Let z be k/18 + 16/6. Suppose 4*l + z*c + 0*c - 74 = 0, l = -4*c + 22. What is the highest common divisor of 27 and l?
9
Suppose 9*r - 3*r = 30. Suppose -r*m - 8 = -58. Calculate the greatest common factor of 4 and m.
2
Let w(p) = 13*p**3 - 2*p**2 + 5*p - 48. Let t be w(6). Calculate the highest common divisor of t and 18.
18
Suppose -h + 4*b = -30, -4*h + b + 4*b = -175. Calculate the highest common factor of h and 25.
25
Suppose -42*k = -7*k - 3080. What is the highest common factor of k and 55?
11
Let o(m) = -m**2 - 12*m + 63. Let h be o(-12). Calculate the highest common divisor of 14 and h.
7
Let s(q) = 198*q**3 - 2*q**2 - 2*q + 4. Let n be s(1). What is the greatest common factor of 18 and n?
18
Let f = -75 + 76. Let b = -2 + 3. Calculate the greatest common factor of f and b.
1
Let p = -79 + 81. Suppose -7*n + p*n = -50. What is the highest common factor of n and 2?
2
Suppose -304*k - 396 = -315*k. Calculate the highest common divisor of 36 and k.
36
Let m = 1813 + -1307. Calculate the greatest common divisor of m and 22.
22
Let z = 17 + -12. Suppose 5*a - u = -1, -z*u + u = -a - 4. Suppose -l + 0*l + 21 = a. What is